1
List the prime factors of 9456500.
2, 5, 18913
List the prime factors of 1715345412.
2, 3, 11, 12995041
List the prime factors of 179600815.
5, 173, 397, 523
List the prime factors of 3526892.
2, 89, 9907
What are the prime factors of 10831102?
2, 19, 59, 4831
What are the prime factors of 84301214?
2, 19, 31, 71563
What are the prime factors of 1861144208?
2, 7, 11, 1510669
List the prime factors of 50802283.
7, 7257469
What are the prime factors of 1339210577?
1339210577
List the prime factors of 61906946.
2, 3271, 9463
List the prime factors of 2866725127.
7, 409532161
What are the prime factors of 831953042?
2, 103, 4038607
List the prime factors of 231448793.
23, 10062991
List the prime factors of 250278368.
2, 331, 23629
What are the prime factors of 30436782?
2, 3, 5072797
What are the prime factors of 8248188?
2, 3, 13, 37, 1429
List the prime factors of 1723944846.
2, 3, 13, 29, 661, 1153
What are the prime factors of 161037385?
5, 32207477
What are the prime factors of 103935996?
2, 3, 1453, 1987
List the prime factors of 788177983.
788177983
What are the prime factors of 5669347970?
2, 5, 11, 13, 23, 172373
What are the prime factors of 197255769?
3, 37, 1777079
What are the prime factors of 67105307?
17, 61, 163, 397
List the prime factors of 69223702.
2, 34611851
What are the prime factors of 44291859?
3, 23, 71, 9041
What are the prime factors of 1684115222?
2, 842057611
List the prime factors of 728400155.
5, 7, 20811433
What are the prime factors of 131515008?
2, 3, 239, 1433
What are the prime factors of 25022300?
2, 5, 17, 41, 359
What are the prime factors of 348834525?
3, 5, 13, 357779
What are the prime factors of 320106403?
31, 10326013
What are the prime factors of 3640929570?
2, 3, 5, 61, 683, 971
List the prime factors of 283367381.
11, 29, 30631
List the prime factors of 49861371.
3, 7, 41, 8273
List the prime factors of 84157768.
2, 29, 362749
List the prime factors of 763247677.
41, 61, 79, 3863
List the prime factors of 539381223.
3, 59931247
What are the prime factors of 96321500?
2, 5, 11, 83, 211
List the prime factors of 141877405.
5, 479, 59239
List the prime factors of 2350723702.
2, 29, 349, 116131
List the prime factors of 79533062.
2, 7, 59, 73, 1319
List the prime factors of 414082368.
2, 3, 7, 11411
What are the prime factors of 82812597?
3, 7, 563351
List the prime factors of 5755061.
13, 17, 26041
What are the prime factors of 286730447?
71, 4038457
What are the prime factors of 3497431102?
2, 11, 158974141
List the prime factors of 439051221.
3, 7, 19, 61, 859
List the prime factors of 1184773640.
2, 5, 829, 35729
List the prime factors of 112583797.
19, 5925463
What are the prime factors of 47659401?
3, 1765163
List the prime factors of 85671329.
85671329
List the prime factors of 270648.
2, 3, 7, 179
List the prime factors of 2082144380.
2, 5, 401, 259619
List the prime factors of 744881652.
2, 3, 3491, 5927
List the prime factors of 40591708.
2, 10147927
What are the prime factors of 1469482411?
1469482411
List the prime factors of 875957071.
11, 79632461
What are the prime factors of 1295622968?
2, 161952871
List the prime factors of 3950479.
13, 229, 1327
List the prime factors of 83993974.
2, 17, 683, 3617
What are the prime factors of 59049217?
59049217
List the prime factors of 57726597.
3, 43, 67, 6679
List the prime factors of 3810484.
2, 29, 107, 307
List the prime factors of 2232853094.
2, 1116426547
List the prime factors of 2810411719.
17657, 159167
List the prime factors of 388165864.
2, 48520733
List the prime factors of 2529797927.
97, 1087, 23993
List the prime factors of 17838040.
2, 5, 11, 71, 571
What are the prime factors of 1467722430?
2, 3, 5, 604001
What are the prime factors of 1956944?
2, 11, 11119
What are the prime factors of 359454214?
2, 7, 47, 546283
What are the prime factors of 404927609?
29, 13963021
What are the prime factors of 46535432?
2, 293, 19853
List the prime factors of 3122852779.
1667, 1873337
What are the prime factors of 55181064?
2, 3, 113, 20347
What are the prime factors of 105376927?
2593, 40639
List the prime factors of 29792923.
29792923
What are the prime factors of 1762364499?
3, 7, 47, 37991
List the prime factors of 36245039.
1601, 22639
What are the prime factors of 77480900?
2, 5, 7, 17, 383
List the prime factors of 446435801.
7, 53, 1203331
What are the prime factors of 2075024721?
3, 7, 11, 353, 25447
What are the prime factors of 38125301?
1231, 30971
What are the prime factors of 11169558?
2, 3, 620531
List the prime factors of 2438396566.
2, 23, 47, 1061, 1063
List the prime factors of 51507419.
23, 2239453
What are the prime factors of 41056868?
2, 10264217
List the prime factors of 1537132950.
2, 3, 5, 14057
List the prime factors of 66656309.
601, 110909
List the prime factors of 18375962.
2, 11, 835271
List the prime factors of 51127302.
2, 3, 73, 113, 1033
What are the prime factors of 347462162?
2, 173731081
List the prime factors of 90862382.
2, 13, 17, 311, 661
List the prime factors of 53292306.
2, 3, 8882051
What are the prime factors of 830090160?
2, 3, 5, 384301
What are the prime factors of 711549758?
2, 23, 31, 127, 3929
What are the prime factors of 97201889?
97201889
List the prime factors of 501473889.
3, 7, 173, 313
What are the prime factors of 677281513?
17, 227, 293, 599
List the prime factors of 354329270.
2, 5, 103, 463, 743
List the prime factors of 3488321247.
3, 47, 1069, 23143
What are the prime factors of 338871075?
3, 5, 23, 31, 6337
List the prime factors of 3551744519.
3551744519
What are the prime factors of 787917117?
3, 13, 20203003
List the prime factors of 5542905853.
19, 1453, 200779
List the prime factors of 356048011.
11, 19, 53, 32143
List the prime factors of 6486226966.
2, 4297, 754739
List the prime factors of 1270156354.
2, 277, 2292701
What are the prime factors of 51002007?
3, 7, 2428667
What are the prime factors of 624488004?
2, 3, 7, 131, 18917
What are the prime factors of 833331452?
2, 9133, 22811
List the prime factors of 36588508.
2, 11, 151, 5507
List the prime factors of 10237705.
5, 2047541
What are the prime factors of 614346962?
2, 29, 10592189
List the prime factors of 35958239.
35958239
List the prime factors of 1369670067.
3, 41, 83, 4969
What are the prime factors of 1485316519?
29, 51217811
What are the prime factors of 59574928?
2, 7, 531919
What are the prime factors of 245810255?
5, 49162051
What are the prime factors of 37274314?
2, 7, 11, 19, 12739
List the prime factors of 25397602.
2, 12698801
List the prime factors of 19708555.
5, 3941711
List the prime factors of 466077104.
2, 199, 146381
What are the prime factors of 10968637?
31, 67, 5281
What are the prime factors of 817562218?
2, 11, 3547, 10477
What are the prime factors of 3324601761?
3, 13, 103, 827633
What are the prime factors of 121629972?
2, 3, 43, 73, 3229
List the prime factors of 4362337744.
2, 272646109
What are the prime factors of 2342813239?
13, 1733, 103991
What are the prime factors of 2773053579?
3, 137, 1093, 6173
List the prime factors of 17200515.
3, 5, 17, 67453
List the prime factors of 24945535.
5, 4989107
List the prime factors of 1993366465.
5, 757, 526649
List the prime factors of 2428898534.
2, 163, 7450609
What are the prime factors of 2004464870?
2, 5, 200446487
List the prime factors of 107462803.
7, 19, 163, 4957
List the prime factors of 3298757.
7, 11, 42841
What are the prime factors of 46704206?
2, 23352103
What are the prime factors of 938333103?
3, 5791, 54011
What are the prime factors of 146501488?
2, 7, 1308049
List the prime factors of 1834658955.
3, 5, 17, 2398247
What are the prime factors of 619876931?
71, 8730661
List the prime factors of 85310873.
41, 59, 35267
List the prime factors of 452245537.
10903, 41479
List the prime factors of 362656502.
2, 13, 23, 606449
List the prime factors of 58984431.
3, 11, 1787407
List the prime factors of 58191291.
3, 718411
What are the prime factors of 1127864477?
907, 1243511
What are the prime factors of 2621673941?
19, 137982839
What are the prime factors of 265041554?
2, 47, 1627, 1733
List the prime factors of 57696907.
57696907
List the prime factors of 68954278.
2, 17, 61, 33247
What are the prime factors of 18496023